f 23056/28 + d/(-49).
2, 103
Suppose -25*j - 160169 + 1003945 = -133999. What are the prime factors of j?
3, 13037
Let l be 51/17 + (-2)/(-1). Suppose l*m - 19 - 16 = 2*y, -15 = -2*m + y. Suppose -15 = 5*u, 3*a - 8*a + m*u + 655 = 0. What are the prime factors of a?
2
Suppose -41*s + 43*s + 89*s = 533806. What are the prime factors of s?
2, 7, 419
Let n be 25/(-10) - (3 + (-953)/2). Suppose 0 = 4*o - 489 - n. What are the prime factors of o?
2, 3, 5
Let d be ((-2)/(-4))/((-6)/(-12048)*2). Let l = d - 201. What are the prime factors of l?
7, 43
Suppose -11*x + 3129 + 45014 + 499 = 0. What are the prime factors of x?
2, 3, 11, 67
Let f be (-10)/(-45) - (-16)/9. Let l be 317*(-2)/(-4) + f/(-4). Let y = l + -96. What are the prime factors of y?
2, 31
Let k = 93 - 165. Let t = k + 192. List the prime factors of 4/10 + t/75.
2
Let u(v) = -41*v + 2. Let l be u(14). Let h = -337 - l. What are the prime factors of h?
5, 47
Let m = 1781 + -1498. What are the prime factors of m?
283
Let q be (-4155)/(-21) - -1*(-1)/(-7). Let d = q - 155. What are the prime factors of d?
43
Let n be 15/(-4) + 17/(-68). List the prime factors of 0 - (450/n - (-4)/8).
2, 7
Let f(b) = 168*b + 2. Let c = -259 - -141. Let o = c - -119. What are the prime factors of f(o)?
2, 5, 17
Suppose -3*d - 7 = -2*j - 20, j = -3*d + 16. Let a be 2 + (-3 - 2/((-2)/d)). Suppose 0 = 5*i + 2*f - 668, -i - a*f = -129 - 1. List the prime factors of i.
2, 67
List the prime factors of (5 + 1 + -3)*(3 + 7840 + -6).
3, 17, 461
Let w(y) = 2*y**3 - 10*y**2 + 3. Let o(p) = -4*p**3 + 19*p**2 + p - 7. Let l(r) = -3*o(r) - 5*w(r). Let n = 1414 - 1409. List the prime factors of l(n).
2, 3, 11
Let k = 104 + -100. Suppose 0 = -2*c - 4*m + 3*m + 74, 100 = 3*c - k*m. List the prime factors of c.
2, 3
Let v(h) = h - 17. Let k be v(13). Let f be -8 + 12 - k/1. Let d = 1 + f. List the prime factors of d.
3
Let w(c) = c + 9. Let f be w(-5). What are the prime factors of (42/12)/(f/480)?
2, 3, 5, 7
Let x(m) = m**2 + 6*m + 4. Let y be x(-6). Suppose -2*v + y = 2*f, -2*f + v - 6 = -4*f. Suppose f*o - 395 = -o. What are the prime factors of o?
79
Let f be (-3 - -123) + 4/1. Suppose -f*a + 125*a - 1229 = 0. List the prime factors of a.
1229
Suppose -w = 5*v + 26, w + 19 = -3*v + 3. Let j(s) = 15*s - 3. Let g be j(w). List the prime factors of (3 + g)/((-6)/26).
5, 13
Let p be (-58 - -3) + (-1 - 1 - -5). Let q = 171 + p. Let m = q - 97. List the prime factors of m.
2, 11
Let s be 176/28 + -5 + (-2)/7. What are the prime factors of (s*72/15)/(15/450)?
2, 3
Suppose 9*d = 14*d + 150. Let z = d - -7. Let p = 72 + z. What are the prime factors of p?
7
Let p be 3*((-1 - 3) + 5). Suppose p*v - 238 = 2540. List the prime factors of v.
2, 463
Let d(m) = 622*m + 5. Let g be d(1). Suppose 0 = -2*y + w - 126 + g, 3*y + 4*w - 757 = 0. What are the prime factors of y?
251
Let g(k) = -5*k**2 - 25 + 94 - 160*k - 51. What are the prime factors of g(-17)?
3, 431
Let p be 5/(-1) - (19188/9)/(-1). List the prime factors of (-20)/15 - p/(-9).
5, 47
Let i be ((-28)/(-49))/((-2)/7). Let d be i/6 + (-16)/(-3). Suppose 0 = -10*q + d*q + 1465. List the prime factors of q.
293
Let o be (6/(-12))/(3/(-6)). What are the prime factors of o/((-9)/(-27)*12/5300)?
5, 53
Let o(s) = 6*s**2 - s + 80. Let r = -1 + -4. Let n(h) = h**2 - 1. Let a(m) = r*n(m) + o(m). List the prime factors of a(0).
5, 17
Let o(t) = -142*t**3 + 4*t**2 + 37*t + 202. List the prime factors of o(-6).
2, 7699
Let d = -13167 - -20909. List the prime factors of d.
2, 7, 79
Let m be (1526856/42)/4 - (-6)/(-14). Suppose 1076 + m = 14*t. List the prime factors of t.
2, 3, 11
Suppose -252164 - 7786 = -14*m - 16*m. List the prime factors of m.
5, 1733
Suppose 2*g = -0*g - 10, y = g + 485. Suppose -m + y = d - 0*m, 5*m - 488 = -d. List the prime factors of d.
2, 239
Suppose 358*t + 488030 = 6855060. List the prime factors of t.
5, 3557
Let c be 1/12 - (-295)/60. Suppose -26*r + 22512 = -c*r. What are the prime factors of r?
2, 67
Suppose 5*w + 1352 = 9*w. Suppose 4*b - 1150 - w = 0. List the prime factors of b.
2, 3, 31
Let b(y) = 7*y + 47. Let i be b(-19). Let u = i - -96. Suppose -1196 = -u*o + 724. What are the prime factors of o?
2, 3
Let s(a) = 230*a - 10. Let k be s(19). Let z be (-4)/26 + (k/13)/(-4). List the prime factors of ((-36)/(-21))/((-2)/z).
2, 3
Suppose 2*m = -m + m. Suppose m = 2*q - 5*o + 3*o - 754, 383 = q - 3*o. What are the prime factors of q?
2, 11, 17
Let i = -278 - -282. Suppose -3*w + 4*p - 479 = -3573, -i*p = -2*w + 2056. List the prime factors of w.
2, 3, 173
Let z = -632 - -1409. What are the prime factors of z?
3, 7, 37
Let v(k) = -6*k**2 - k - 258. Let m(c) = 8*c**2 + 257. Let f(p) = -4*m(p) - 5*v(p). List the prime factors of f(0).
2, 131
Suppose -4*z + 132 + 216 = 0. Let h = z + -164. List the prime factors of (-14539)/h - 4/(-22).
3, 7
Suppose 3*u + 3*x = -78, -3*x = 4*u + 2*x + 109. Let s = 1 - u. Suppose -s = -m - h, -3*m - 4*h - 27 = -89. List the prime factors of m.
2, 13
List the prime factors of ((-40890)/60)/((-2)/4).
29, 47
Suppose 0 = -2*o + 4*h + 12, 0 = -0*o - o - 3*h - 19. What are the prime factors of (1 - 3110/o) + 12/8?
2, 3, 5, 13
Let f be (-1)/((-2)/(-11) + (-168)/440). Suppose f*y = 9*y - 384. Suppose 7*w - 4*w - y = -3*v, 127 = 4*v + 5*w. List the prime factors of v.
3, 11
Let r = 138 - 144. List the prime factors of ((-3264)/(-6) - -4) + r.
2, 271
Suppose 370*i - 386*i = -94320. List the prime factors of i.
3, 5, 131
Let z(o) = 3*o**3 + o**2 - 8*o - 29. Suppose -7*r + 2*m = -5*r - 8, 60 = 5*r + 5*m. What are the prime factors of z(r)?
11, 137
Suppose -1996581 = -133*k + 4361617. What are the prime factors of k?
2, 11, 41, 53
Let q be 6374/14 - 2/7. Let w = q - 949. What are the prime factors of 15*(8/44 + w/(-66))?
5, 23
Let b(n) be the first derivative of -10*n**2 - 106*n - 32. What are the prime factors of b(-9)?
2, 37
Let s = 17558 - 4498. What are the prime factors of s?
2, 5, 653
Let r = 9705 + -4910. List the prime factors of r.
5, 7, 137
List the prime factors of 27*44125/65 + 4/26.
18329
Suppose -3*w = 28 - 1. Let k(y) be the first derivative of y**3/3 + 3*y**2/2 - 3*y - 23. List the prime factors of k(w).
3, 17
Let y(t) = 2*t**2 - 20*t + 33. Let s be y(17). Suppose s = 5*n - 4*h, -3*n - 4*h + 88 + 81 = 0. What are the prime factors of n?
5, 11
Suppose 823*b = 825*b - 18356. List the prime factors of b.
2, 13, 353
Suppose 0 = -11*y - 501 + 545. Suppose -4*o - y*o + 9880 = 0. List the prime factors of o.
5, 13, 19
Let h = 52 - -82. Suppose 5*b = -3*k - 207, 3*k = k - 2*b - h. Let c = k + 172. What are the prime factors of c?
2, 3
Let b be 18/4 + 1/2. Suppose -58*q + 28937 = 3823. Suppose 5 = -b*a, 3*n + 47 - q = 5*a. What are the prime factors of n?
127
Let i = -159811 + 224432. List the prime factors of i.
64621
Let l = 2736 - -1988. What are the prime factors of l?
2, 1181
Let g = -925 - -391. Let b = 721 + g. List the prime factors of b.
11, 17
Let l(v) = -2*v**3 - 3*v**2 - 2*v + 8. Let k be l(2). What are the prime factors of ((-1515)/60)/(3/k)?
2, 101
Let g(n) = -36*n - 139. Let f be g(-4). Suppose -12 + 2 = 5*t, -2*l + f*t + 952 = 0. What are the prime factors of l?
3, 157
Suppose -4*w - 10604 = -3*v, 0*v + 2*w = -v + 3538. List the prime factors of v.
2, 13, 17
Suppose 5*b + f = 26793, -14 = f - 12. What are the prime factors of b?
23, 233
Let v be 2/7 - ((-4)/(-14) - 2). Suppose 4*p - 1518 = -v*p. List the prime factors of p.
11, 23
Let j(a) = -11*a + 85. Let t = -220 - -200. What are the prime factors of j(t)?
5, 61
Let p be 4/10 + 18/5. Suppose 0*d + p*d + 5*z = 25, -2*d = z - 17. Suppose d*s - 3*s - 686 = 0. List the prime factors of s.
2, 7
Let n = 944 + 428. What are the prime factors of n?
2, 7
Suppose 5*t + 1 = 3*k, 96*t + k = 91*t + 7. Suppose -4*o = -o - 2211. List the prime factors of (o/22)/(t/(-4)*-2).
67
Let s(f) = 5*f**2 - 261*f + 1004. List the prime factors of s(74).
2, 5, 907
Suppose -11*s + 8*s + 37904 = -5*b, -2*s = -4*b - 25266. What are the prime factors of s?
47, 269
Suppose -16*u + 90994 = 4*f - 14*u, 4*f + 5*u = 91009. List the prime factors of f.
2, 3, 17, 223
Suppose -4*i + 22 = -14. Suppose 4560 = -6*f + i*f. Suppose 6*w - f = -10*w. List the prime factors of w.
5, 19
Let s(i) = -3*i**2 - 